et i(q) = -79*q + 94. Let h(x) = -6*i(x) - 17*j(x). List the prime factors of h(9).
251
Let l = -39 + 45. Suppose -4*u - l = -3*r, -10 = -3*u + u - 5*r. Suppose u = 7*y - 3*y + 3*h - 569, 2*y + 5*h - 267 = 0. What are the prime factors of y?
2, 73
Let l = 68 - 72. Let c be ((-4)/12)/(l/12). What are the prime factors of (4 - 4)*c + 97?
97
Let a(j) = -9*j - 6*j**2 + 3 - 2*j**2 - 3*j**2 - j**3 + 6. Let l be a(-10). What are the prime factors of 70 + 4 + (l - 0)?
73
Let p be 28330/45 - (-16)/36. Let x = p + -369. List the prime factors of x.
3, 29
Suppose 257 = b + 259. List the prime factors of (1122/68)/(b/(-4)).
3, 11
Suppose 2*c - 4*i - 170 = -868, -3*i = -6. Let f = c + 858. List the prime factors of f.
3, 19
Suppose 139*m - 4*s + 14 = 138*m, -4*m + 3*s + 9 = 0. Let y = 173 - 97. Suppose -y - 368 = -m*g. What are the prime factors of g?
2, 37
Let p(q) = 18*q**3 - 3*q**2 + 2. Let j be p(1). Let m(x) = x**3 - 15*x**2 - 36*x + 13. Let f be m(j). Let t = 59 + f. What are the prime factors of t?
2, 19
Let s(k) be the second derivative of 2*k**4/3 + 7*k**3/2 + 13*k**2 - 107*k. What are the prime factors of s(-5)?
11
Let z(s) = 2*s**3 - 12*s**2 + 6*s + 25. Let n be z(5). Let k be (-9)/6*(-29 + 1). Suppose -337 + k = -n*i. List the prime factors of i.
59
Suppose -12433 + 12706 + 158799 = 32*v. List the prime factors of v.
3, 1657
Suppose -8999 = -4*y - 2871. List the prime factors of (y/6)/((-2)/(-3)).
383
Suppose 21*n - 30*n + 108 = 0. Suppose -2*i - 4*i = -n. Suppose 3*r - 638 = -0*r - l, 0 = -2*r + i*l + 428. What are the prime factors of r?
3, 71
Suppose -f - 37582 = -2*g, 2*g + 51*f - 50*f - 37594 = 0. List the prime factors of g.
2, 9397
Let k(b) = 970*b**2 + 267*b - 1875. List the prime factors of k(7).
2, 109
Let u = -137 + 217. Suppose -u = 74*p - 78*p. Suppose -25*z + 710 = -p*z. List the prime factors of z.
2, 71
Suppose 0*x - x = -5*n + 62, 4*n = -2*x + 44. Suppose 547 + 1253 = n*i. Suppose 3*g - g - i = 0. List the prime factors of g.
3, 5
Let v(l) = 43204*l**3 - 3*l**2 - 73*l + 77. What are the prime factors of v(1)?
5, 8641
Let i be (-5)/((-25)/207) - (-52)/(-130). Let h be (-2)/(((-6)/(-131))/(-3)). Let b = h - i. List the prime factors of b.
2, 3, 5
Let u(w) = -w**2 + 0 - 30 + 5*w**2 + 19*w. List the prime factors of u(6).
2, 3, 19
Let h(k) = -3*k**3 + 7*k**2 - 6*k. Let s be h(-7). Suppose 24*u = -s + 6478. What are the prime factors of u?
211
Let a(u) = 425*u**2 + 21*u - 74. What are the prime factors of a(4)?
2, 3, 5, 227
Suppose -4*m - 613 - 4567 = -2*u, -7749 = -3*u - m. List the prime factors of u.
2, 17, 19
Suppose -9*f + 13*f - 49814 = 2*a, -4*a + 62300 = 5*f. List the prime factors of f.
2, 3, 173
Suppose -4*v - 7*f + 8*f = -33700, -3*v - 2*f + 25264 = 0. Let m be v/(-63) + 4/(-14). Let w = -56 - m. What are the prime factors of w?
2, 3, 13
Let r(v) = 61*v**3 - 10*v**2 + 16*v - 3. Let s be r(4). Let d = s + -2045. List the prime factors of d.
2, 5, 11
Let s be 2/28*202 + 4/7. Let o(r) = 3*r - 40. Let v be o(s). Suppose n - 37 = v. What are the prime factors of n?
2, 3, 7
Suppose 2*c + 211 = -133. Let s = c + 315. List the prime factors of s.
11, 13
Suppose -2 = k - l - 0, l = 5. Suppose -4*f = k*i - 78 + 21, 4*i - 104 = 4*f. List the prime factors of i.
23
Let d = 32 + -30. Suppose -2*s = -2*s + d*s. Suppose 3*c + 5*p - 204 = s, p + 0*p = -3. List the prime factors of c.
73
Suppose -3*w + u = -6, -5*w - 4*u = -20 - 7. Let b be 30/9*w*1/2. Suppose 550 = -0*p + b*p. List the prime factors of p.
2, 5, 11
Suppose 6*t - 3 = 2*t + 5*g, 4*t - 6 = 2*g. What are the prime factors of (2*(-25)/20)/(t/(-304))?
2, 5, 19
Let k(q) = 3*q**3 - 2*q**3 + 3 + 14*q**2 + 17*q - 10 + 6 + 6. Let o(c) = -13*c**2 - c. Let s be o(-1). List the prime factors of k(s).
89
Let t = 3281 - -1853. List the prime factors of t.
2, 17, 151
Let t(j) = 121*j**2 - 40*j + 265. What are the prime factors of t(7)?
2, 2957
Suppose -412*a + 1802286 = -731759 - 2358867. What are the prime factors of a?
2, 2969
Let h(s) = -32*s**2 + 8*s - 25. Let y be h(5). Let n = -171 - y. List the prime factors of n.
2, 307
Suppose 5*i = -4*x + 1, 2*i - 4 = 5*x + 3*i. Let d(l) = -28*l + 27*l - 1 + l**2 - 40*l**3 - 7*l**3. What are the prime factors of d(x)?
2, 3
Suppose -4*h = 4*b - 43244, -80*b + 2*h = -81*b + 10805. List the prime factors of b.
29, 373
Let f be ((-69)/(-6))/(2/4). Suppose 0 = -4*c - f + 315. Let l = c + -26. What are the prime factors of l?
47
What are the prime factors of 12/(-91) - 8/(-28) - 18327360/(-1105)?
2, 8293
Let t be (-2)/(-7) + (-2 - 640/(-14)). What are the prime factors of (-1)/(1/t*12/(-48))?
2, 11
Let h = -26 - -32. Suppose 0 = -h*k + 100 + 8. Suppose k*y + 92 = 19*y. List the prime factors of y.
2, 23
List the prime factors of 12/(168/406) - -2.
31
Let p(r) = 10*r**2 + 15*r - 23. Let x be p(6). Let v = -353 + x. What are the prime factors of v?
2, 37
Suppose -b - 4*z = -788, -2*z = -2*b - 6*z + 1564. Suppose 5*n - h = -0*h + b, -460 = -3*n - 5*h. What are the prime factors of n?
5, 31
Suppose -102201 = 82*t - 214432 - 119501. What are the prime factors of t?
2, 3, 157
Let g(t) = 120*t**2 + 8*t - 5. Suppose 3*n - 7 = n + q, -3*q - 3 = 0. What are the prime factors of g(n)?
7, 157
Suppose 3*s - 13352 = -0*s + o, o = -s + 4452. What are the prime factors of s?
4451
Let m be 7*(8/20 - 8/70). Let l be 0 - -50*(-1 + m). Let q = 55 - l. List the prime factors of q.
5
Let j(x) = 16 + 33 - 4 + 24*x - 4*x**2 + 3*x**2. Let k(z) = -z**2 + 16*z + 30. Let v(y) = 5*j(y) - 7*k(y). What are the prime factors of v(-8)?
79
Let w be 5/(-3) + (-1)/3. Let z be (1 - (w - -4))/(1/(-4)). Suppose 45 + 31 = j + 5*t, -z*j = 5*t - 259. What are the prime factors of j?
61
Let v(o) = -1547*o + 8376. What are the prime factors of v(-23)?
113, 389
Let j = 1701 - 1597. What are the prime factors of j?
2, 13
Let d be ((-100)/30)/(1 + (-1)/3). Let v be (d + -1)*((-287)/(-42) - 7). List the prime factors of 652/3 + (-4)/12*v.
7, 31
Suppose 2*v - 2292 = -x, -x + 38*v = 41*v - 2288. Suppose -5*l + 6665 - 855 = -5*h, -4*h = 2*l - x. What are the prime factors of l?
2, 3, 193
Let b = 628 + -516. Let l = 124 + b. What are the prime factors of l?
2, 59
What are the prime factors of ((-345)/(-45))/((-3)/(-4860))?
2, 3, 5, 23
Let r = 1648 - 1649. Let l(p) = 32*p**2 + 49*p**2 + 1 + 0. What are the prime factors of l(r)?
2, 41
List the prime factors of (-30483)/18*(-3600)/108.
2, 5, 1129
Suppose -5*y = 8*t - 10*t - 97560, 7*t - 4*t = 0. List the prime factors of y.
2, 3, 271
Let p(v) be the first derivative of -5*v**4/2 - v**3/3 - v**2/2 - 2. Let o be p(-2). Let k = o - -126. List the prime factors of k.
2, 3, 17
Let o be 3/(12/(-2)) + 2/4. Suppose -6*p + 2*p + p = o. Suppose a + 6*k - k - 155 = p, -a + 160 = 4*k. What are the prime factors of a?
2, 3, 5
Suppose -5*l + 2*z = -65060, 51801 = 4*l - 4*z - 247. List the prime factors of l.
2, 3253
Suppose -4*c + 3 + 13 = 0. Let q be (6/c)/((-15)/(-2010)). Suppose 0 = 4*k + 33 - q. What are the prime factors of k?
2, 3, 7
Let r be 5 - (0 + 1 - -3) - -148. Suppose 5*m - r = 3*s, -4*m - 19 = s + 8. Let l = 119 + s. What are the prime factors of l?
2, 19
Suppose -2*c = -2*q - 59 + 541, -462 = -2*q - 2*c. Suppose -72 = -u - 3*i, 5*u - 2*u + 5*i = q. Suppose 11*t + u = 14*t. What are the prime factors of t?
29
Let x(s) = -140*s + 1325. List the prime factors of x(-32).
3, 5, 43
Let y = 845 + 1939. What are the prime factors of y?
2, 3, 29
Let y = 265 - 234. Suppose 0 = y*a - 37*a + 2118. List the prime factors of a.
353
Let f be 2 + 8 - 0/13. Suppose 12*b = f*b - 3*u + 555, 280 = b + 4*u. Let w = b - 96. What are the prime factors of w?
2, 3, 5
Let n = 46 + -44. Suppose -5*m - n*l + 5 = 0, 2*m + 3*l + 9 = -0*m. Suppose m*p = 4*p - 190. List the prime factors of p.
2, 5, 19
Suppose 10*s = 94638 - 18858. What are the prime factors of s?
2, 3, 421
Let n(d) be the second derivative of d**5/15 - 2*d**4/3 - d**3/2 - 9*d. Let h(v) be the second derivative of n(v). What are the prime factors of h(5)?
2, 3
Let z(i) = i**2 - 18*i + 19. Suppose 5*f = 2*f + 48. Let w be z(f). Let t(r) = r**3 + 14*r**2 + 4*r - 13. List the prime factors of t(w).
2, 13
Let n be (-36)/2*10/(-4). Let d = n + -43. Suppose -5*p = -3*y - 498, -y + 200 = d*p - 3*y. What are the prime fa